{"id":23,"date":"2015-11-24T21:36:11","date_gmt":"2015-11-24T20:36:11","guid":{"rendered":"http:\/\/kleidwerk.eu\/?page_id=23"},"modified":"2016-07-15T12:13:06","modified_gmt":"2016-07-15T10:13:06","slug":"home","status":"publish","type":"page","link":"https:\/\/www.kleidwerk.eu\/","title":{"rendered":"Home"},"content":{"rendered":"[et_pb_section admin_label=\"section\" background_color=\"#27323a\" inner_shadow=\"off\" parallax=\"on\" background_image=\"http:\/\/kleidwerk.eu\/wp-content\/uploads\/2015\/11\/willkommen3.jpg\" transparent_background=\"off\" allow_player_pause=\"off\" parallax_method=\"on\" padding_mobile=\"off\" make_fullwidth=\"on\" use_custom_width=\"off\" width_unit=\"on\" make_equal=\"off\" use_custom_gutter=\"off\" gutter_width=\"3\" custom_padding=\"0px||0px|\" module_class=\"heroimg\"][et_pb_row admin_label=\"row\"][\/et_pb_row][\/et_pb_section][et_pb_section admin_label=\"Sektion\" fullwidth=\"off\" specialty=\"off\" transparent_background=\"off\" allow_player_pause=\"off\" inner_shadow=\"off\" parallax=\"off\" parallax_method=\"off\" padding_mobile=\"off\" make_fullwidth=\"off\" use_custom_width=\"off\" width_unit=\"on\" make_equal=\"on\" use_custom_gutter=\"on\" gutter_width=\"1\" custom_padding=\"0px|0px|0px|15%\" module_class=\"section_max1300\"][et_pb_row admin_label=\"Zeile\" make_fullwidth=\"on\" use_custom_width=\"off\" width_unit=\"off\" use_custom_gutter=\"on\" gutter_width=\"0\" custom_padding=\"0px|0%|0px|0px\" padding_mobile=\"on\" allow_player_pause=\"off\" parallax=\"off\" parallax_method=\"off\" make_equal=\"on\" parallax_1=\"off\" parallax_method_1=\"off\" parallax_2=\"off\" parallax_method_2=\"off\" column_padding_mobile=\"off\" custom_width_percent=\"100%\" background_color=\"rgba(147,32,57,0)\" padding_top_1=\"0px\" padding_right_1=\"0px\" padding_bottom_1=\"0px\" padding_left_1=\"0px\" padding_top_2=\"0px\" padding_right_2=\"0px\" padding_bottom_2=\"0px\" padding_left_2=\"0px\" background_color_1=\"rgba(142,28,60,0)\" module_id=\"dirndl\"][et_pb_column type=\"1_2\"][et_pb_text admin_label=\"Text\" background_layout=\"light\" text_orientation=\"justified\" text_font_size=\"14\" use_border_color=\"off\" border_color=\"#ffffff\" border_style=\"solid\" custom_padding=\"0px|0px|0px|0px\" background_color=\"rgba(2,0,0,0)\" text_text_color=\"#000000\" module_class=\"tablemodulcol\" custom_margin=\"50px|50px|50px|50px\"]\n<h1>Dirndl<\/h1>\n<h2 style=\"text-align: left;\">Traditionelle Couture. Auf den Leib geschneidert.<\/h2>\n<p>Jedes unserer Dirndl ist ein Unikat. Schnitt, Borten, H\u00e4ckchen und Stoffe - gemeinsam finden wir ihre pers\u00f6nliche Kombination. So wird mit Materialien aus der ganzen Welt ihre Tracht mehr als nur ein St\u00fcckchen Heimat. Ganz besonders: Mieder aus bestickten Kissen, Seident\u00fcchern, Taschen, Geschirrhandt\u00fcchern oder antiker Bettw\u00e4sche.<\/p>\n[\/et_pb_text][\/et_pb_column][et_pb_column type=\"1_2\"][et_pb_image admin_label=\"Bild\" src=\"http:\/\/kleidwerk.eu\/wp-content\/uploads\/2015\/11\/dirndl.jpg\" alt=\"Dirndl\" title_text=\"Dirndl\" show_in_lightbox=\"off\" url_new_window=\"off\" animation=\"off\" sticky=\"off\" align=\"center\" force_fullwidth=\"off\" always_center_on_mobile=\"on\" use_border_color=\"off\" border_color=\"#ffffff\" border_style=\"solid\"]\n[\/et_pb_image][\/et_pb_column][\/et_pb_row][et_pb_row admin_label=\"Zeile\" make_fullwidth=\"on\" use_custom_width=\"off\" width_unit=\"off\" use_custom_gutter=\"on\" gutter_width=\"0\" custom_padding=\"0px|0%|0px|0px\" padding_mobile=\"on\" allow_player_pause=\"off\" parallax=\"off\" parallax_method=\"off\" make_equal=\"off\" parallax_1=\"off\" parallax_method_1=\"off\" parallax_2=\"off\" parallax_method_2=\"off\" column_padding_mobile=\"off\" custom_width_percent=\"100%\" background_color=\"rgba(147,32,57,0)\" padding_top_1=\"0px\" padding_right_1=\"0px\" padding_bottom_1=\"0px\" padding_left_1=\"0px\" padding_top_2=\"0px\" padding_right_2=\"0px\" padding_bottom_2=\"0px\" padding_left_2=\"0px\" background_color_1=\"rgba(142,28,60,0)\" module_id=\"dessous\" module_class=\"column-swap\"][et_pb_column type=\"1_2\"][et_pb_text admin_label=\"Text\" background_layout=\"light\" text_orientation=\"justified\" text_font_size=\"14\" use_border_color=\"off\" border_color=\"#ffffff\" border_style=\"solid\" custom_padding=\"0px|0px|0px|0px\" background_color=\"rgba(2,0,0,0)\" text_text_color=\"#000000\" module_class=\"tablemodulcol\" custom_margin=\"50px|50px|50px|50px\"]\n<h1>Dessous<\/h1>\n<h2 style=\"text-align: left;\">Zum Wohlf\u00fchlen<\/h2>\n<p>Mal dezent, mal sportlich, mal sexy. Ihre Laune bestimmt den Style.<br \/>\nF\u00fchlen Sie sich wohl in Dessous, Nachtw\u00e4sche und Bademode von <a href=\"http:\/\/www.palmers.at\" target=\"blank\">Palmers<\/a>. Bei uns erh\u00e4ltlich!<\/p>\n[\/et_pb_text][\/et_pb_column][et_pb_column type=\"1_2\"][et_pb_image admin_label=\"Bild\" src=\"http:\/\/kleidwerk.eu\/wp-content\/uploads\/2015\/11\/dessouscropped.jpg\" alt=\"Dessous\" title_text=\"Dessous\" show_in_lightbox=\"off\" url_new_window=\"off\" animation=\"off\" sticky=\"off\" align=\"center\" force_fullwidth=\"off\" always_center_on_mobile=\"on\" use_border_color=\"off\" border_color=\"#ffffff\" border_style=\"solid\"]\n[\/et_pb_image][\/et_pb_column][\/et_pb_row][\/et_pb_section][et_pb_section admin_label=\"Sektion\" fullwidth=\"off\" specialty=\"off\"][et_pb_row admin_label=\"Zeile\"][et_pb_column type=\"4_4\"][et_pb_code admin_label=\"Code\" custom_css_main_element=\" border:none;||||\" \/][\/et_pb_column][\/et_pb_row][\/et_pb_section]\n","protected":false},"excerpt":{"rendered":"<p>[et_pb_section admin_label=\"section\" background_color=\"#27323a\" inner_shadow=\"off\" parallax=\"on\" background_image=\"http:\/\/kleidwerk.eu\/wp-content\/uploads\/2015\/11\/willkommen3.jpg\" transparent_background=\"off\" allow_player_pause=\"off\" parallax_method=\"on\" padding_mobile=\"off\" make_fullwidth=\"on\" use_custom_width=\"off\" width_unit=\"on\" make_equal=\"off\" use_custom_gutter=\"off\" gutter_width=\"3\" custom_padding=\"0px||0px|\" module_class=\"heroimg\"][et_pb_row admin_label=\"row\"][\/et_pb_row][\/et_pb_section][et_pb_section admin_label=\"Sektion\" fullwidth=\"off\" specialty=\"off\" transparent_background=\"off\" allow_player_pause=\"off\" inner_shadow=\"off\" parallax=\"off\" parallax_method=\"off\" padding_mobile=\"off\" make_fullwidth=\"off\" use_custom_width=\"off\" width_unit=\"on\" make_equal=\"on\" use_custom_gutter=\"on\" gutter_width=\"1\" custom_padding=\"0px|0px|0px|15%\" module_class=\"section_max1300\"][et_pb_row admin_label=\"Zeile\" make_fullwidth=\"on\" use_custom_width=\"off\" width_unit=\"off\" use_custom_gutter=\"on\" gutter_width=\"0\" custom_padding=\"0px|0%|0px|0px\" padding_mobile=\"on\" allow_player_pause=\"off\" parallax=\"off\" parallax_method=\"off\" make_equal=\"on\" parallax_1=\"off\" parallax_method_1=\"off\" parallax_2=\"off\" parallax_method_2=\"off\" column_padding_mobile=\"off\" custom_width_percent=\"100%\" background_color=\"rgba(147,32,57,0)\" [&hellip;]<\/p>\n","protected":false},"author":1,"featured_media":0,"parent":0,"menu_order":0,"comment_status":"closed","ping_status":"closed","template":"","meta":[],"_links":{"self":[{"href":"https:\/\/www.kleidwerk.eu\/index.php?rest_route=\/wp\/v2\/pages\/23"}],"collection":[{"href":"https:\/\/www.kleidwerk.eu\/index.php?rest_route=\/wp\/v2\/pages"}],"about":[{"href":"https:\/\/www.kleidwerk.eu\/index.php?rest_route=\/wp\/v2\/types\/page"}],"author":[{"embeddable":true,"href":"https:\/\/www.kleidwerk.eu\/index.php?rest_route=\/wp\/v2\/users\/1"}],"replies":[{"embeddable":true,"href":"https:\/\/www.kleidwerk.eu\/index.php?rest_route=%2Fwp%2Fv2%2Fcomments&post=23"}],"version-history":[{"count":260,"href":"https:\/\/www.kleidwerk.eu\/index.php?rest_route=\/wp\/v2\/pages\/23\/revisions"}],"predecessor-version":[{"id":525,"href":"https:\/\/www.kleidwerk.eu\/index.php?rest_route=\/wp\/v2\/pages\/23\/revisions\/525"}],"wp:attachment":[{"href":"https:\/\/www.kleidwerk.eu\/index.php?rest_route=%2Fwp%2Fv2%2Fmedia&parent=23"}],"curies":[{"name":"wp","href":"https:\/\/api.w.org\/{rel}","templated":true}]}}